6?
True
Is 83 a factor of 54722149?
True
Is 173070948 a multiple of 51?
True
Is 1107 a factor of 48824046?
False
Is 189 a factor of 564807151?
False
Does 161 divide 41369494?
False
Does 198 divide 16875738?
True
Is 3163118493 a multiple of 241?
True
Is 63394434 a multiple of 298?
True
Is 109 a factor of 437209609?
False
Is 4107800160 a multiple of 180?
True
Is 195823608 a multiple of 12?
True
Is 3074913139 a multiple of 17?
False
Does 2043 divide 20521953?
False
Does 19 divide 231104078?
False
Does 7121 divide 21277548?
True
Does 120 divide 1801925?
False
Does 9 divide 17563707?
True
Is 22825346 a multiple of 38?
True
Does 428 divide 43460267?
False
Does 466 divide 460586012?
True
Is 53 a factor of 421248293?
True
Is 30557403 a multiple of 231?
False
Is 473 a factor of 10545535?
True
Does 261 divide 140339840?
False
Is 110 a factor of 3517553?
False
Is 2286 a factor of 181979316?
True
Is 187657250 a multiple of 275?
True
Does 178 divide 88416872?
True
Is 923036400 a multiple of 572?
True
Does 55 divide 1787829010?
True
Is 438916320 a multiple of 1065?
True
Does 308 divide 26063576?
True
Does 858 divide 31753722?
True
Is 623 a factor of 143823288?
True
Is 339111305 a multiple of 4381?
True
Is 67355062 a multiple of 3?
False
Is 78622302 a multiple of 6?
True
Is 2108 a factor of 238581332?
True
Is 22418200 a multiple of 56?
True
Does 1208 divide 615866184?
True
Does 30 divide 525215520?
True
Does 6 divide 28648565?
False
Is 29 a factor of 1140887328?
False
Is 16394348 a multiple of 2?
True
Is 670 a factor of 141135500?
True
Is 3974117 a multiple of 623?
True
Is 774115328 a multiple of 812?
True
Is 63869543 a multiple of 38?
False
Is 474188 a multiple of 35?
False
Is 799 a factor of 511928918?
False
Is 145 a factor of 43460270?
True
Is 246166224 a multiple of 3266?
False
Does 26 divide 88711363?
False
Is 31745168 a multiple of 104?
True
Is 44 a factor of 292115296?
True
Does 37 divide 577992767?
False
Is 18 a factor of 24191188?
False
Is 41481719 a multiple of 20?
False
Is 40791506 a multiple of 407?
False
Is 2351421333 a multiple of 2725?
False
Does 47 divide 82858741?
False
Is 233 a factor of 18805430?
True
Is 9 a factor of 1263730283?
False
Is 62 a factor of 28883366?
False
Is 12 a factor of 18125604?
True
Is 1631570248 a multiple of 154?
True
Does 62 divide 28629670?
False
Does 50 divide 1013854050?
True
Is 5375 a factor of 725798867?
False
Does 790 divide 256378700?
True
Is 283666498 a multiple of 1393?
False
Does 892 divide 103433644?
True
Does 771 divide 46290069?
True
Is 1144 a factor of 3863270840?
True
Is 11806190 a multiple of 5?
True
Does 9 divide 1822139307?
True
Is 4 a factor of 57048988?
True
Does 180 divide 1932183859?
False
Is 8 a factor of 17555912?
True
Is 1296297 a multiple of 187?
False
Does 53 divide 16101950?
False
Does 12 divide 1379635014?
False
Does 984 divide 51437616?
True
Does 4331 divide 196510463?
True
Is 28 a factor of 32573884?
True
Is 306857287 a multiple of 16?
False
Is 3175751548 a multiple of 467?
False
Is 528 a factor of 406893267?
False
Is 4 a factor of 13884062?
False
Is 38 a factor of 12817339?
False
Is 476120318 a multiple of 270?
False
Is 71 a factor of 76225798?
False
Does 199 divide 1933497482?
False
Is 6 a factor of 44349114?
True
Is 2168471099 a multiple of 21?
False
Is 20 a factor of 130365724?
False
Is 175026881 a multiple of 3171?
False
Is 4296280 a multiple of 87?
False
Is 34 a factor of 9024654?
True
Is 862967474 a multiple of 5?
False
Is 14790103 a multiple of 919?
False
Is 245613780 a multiple of 410?
True
Is 262 a factor of 587620930?
False
Is 628 a factor of 755388666?
False
Is 147 a factor of 43633917?
False
Is 12 a factor of 44159552?
False
Is 1506974408 a multiple of 2176?
False
Is 31710906 a multiple of 54?
True
Does 162 divide 3613086?
True
Is 66876040 a multiple of 308?
True
Is 2591 a factor of 955643712?
True
Is 1510433235 a multiple of 41?
True
Does 1916 divide 182651584?
False
Is 36 a factor of 3226275742?
False
Does 63 divide 959877828?
True
Is 15 a factor of 696979245?
True
Is 16458328 a multiple of 2483?
False
Does 8 divide 2522296?
True
Does 1316 divide 128495556?
True
Is 224 a factor of 90009920?
True
Is 185051509 a multiple of 115?
False
Is 3164696397 a multiple of 547?
True
Is 121077040 a multiple of 536?
True
Is 158 a factor of 372481513?
False
Is 188 a factor of 9425944?
True
Is 19808288 a multiple of 16?
True
Is 714 a factor of 5499914154?
True
Is 12 a factor of 111352550?
False
Is 6193515 a multiple of 5?
True
Is 3 a factor of 29701014?
True
Is 253546060 a multiple of 860?
True
Is 17 a factor of 21867287?
True
Is 4 a factor of 233796403?
False
Is 509 a factor of 18622783?
True
Is 261 a factor of 131712084?
True
Is 70 a factor of 1462554380?
True
Is 997 a factor of 8282079?
True
Is 13 a factor of 3110669927?
False
Does 14 divide 28743905?
False
Is 41 a factor of 29992147?
False
Is 3098074 a multiple of 170?
False
Is 77523534 a multiple of 33?
True
Is 20 a factor of 29738960?
True
Is 2715 a factor of 397052821?
False
Does 406 divide 345046814?
True
Is 1639477632 a multiple of 39?
True
Is 12 a factor of 91288320?
True
Does 84 divide 28263816?
True
Is 64 a factor of 977324480?
True
Does 700 divide 1224540100?
True
Is 10053554 a multiple of 132?
False
Does 109 divide 1221890?
True
Does 7759 divide 2184862211?
False
Is 2249 a factor of 1640469539?
False
Does 3097 divide 187838821?
False
Is 19 a factor of 3507400?
True
Is 485669548 a multiple of 59?
False
Does 8 divide 475199151?
False
Is 138020454 a multiple of 6786?
True
Does 7 divide 169889264?
False
Is 5174860 a multiple of 55?
False
Is 1289740500 a multiple of 36?
True
Does 5061 divide 800757807?
False
Is 43 a factor of 210661763?
False
Does 145 divide 597638670?
True
Does 122 divide 161110896?
False
Is 5 a factor of 2829741?
False
Is 515 a factor of 24191095?
True
Is 10 a factor of 2077765?
False
Is 658 a factor of 399417186?
True
Is 726 a factor of 1788652245?
False
Is 703 a factor of 333982646?
True
Does 487 divide 171859378?
True
Does 3225 divide 611966325?
True
Is 26 a factor of 54483806?
True
Is 35401860 a multiple of 585?
True
Is 905 a factor of 5695018?
False
Is 14505170 a multiple of 10?
True
Does 35 divide 6007726944?
False
Does 96 divide 92567232?
True
Is 104 a factor of 103520319?
False
Is 65 a factor of 2477978?
False
Does 27 divide 645599619?
True
Does 12 divide 174764408?
False
Is 9 a factor of 7139409?
False
Is 29 a factor of 57255063?
False
Is 433 a factor of 7801794?
True
Does 86 divide 27876382?
False
Is 28279047 a multiple of 24?
False
Does 200 divide 1718609?
False
Does 42 divide 238702253?
False
Does 1152 divide 22780800?
True
Is 58 a factor of 9322?
False
Does 288 divide 12273509?
False
Is 4468070843 a multiple of 16?
False
Is 3 a factor of 276023706?
True
Is 2005878813 a multiple of 283?
True
Is 1281396220 a multiple of 2060?
True
Is 11 a factor of 79081354?
True
Does 15 divide 607050540?
True
Is 60944532 a multiple of 22?
True
Is 57341960 a multiple of 9?
False
Does 331 divide 7070822?
True
Is 3386 a factor of 270057202?
True
Is 1564160 a multiple of 19?
False
Is 5 a factor of 2122020?
True
Is 943541087 a multiple of 57?
False
Does 31 divide 59737?
True
Is 42286728 a multiple of 93?
True
Is 5537364 a multiple of 140?
False
Is 13 a factor of 9590694?
False
Is 5 a factor of 347923475?
True
Does 90 divide 63104760?
True
Is 105 a factor of 32322570?
True
Is 14691952 a multiple of 1486?
False
Does 1241 divide 8715529?
False
Does 8 divide 142742849?
False
Is 2900093508 a multiple of 246?
True
Is 113605752 a multiple of 30?
False
Does 2157 divide 288437180?
False
Is 12 a factor of 24785376?
True
Does 3209 divide 473577802?
True
Is 1782 a factor of 236013426?
True
Is 11569212 a multiple of 1651?
False
Is 10271148 a multiple of 41?
False
Is 32 a factor of 464688601?
False
Is 114908612 a multiple of 356?
True
Is 526283 a multiple of 4?
False
Is 1165057314 a multiple of 589?
True
Is 3 a factor of 81994151?
False
Does 17 divide 225435134?
False
Does 90 divide 22546437?
False
Does 1507 divide 24381753?
True
Is 2 a factor of 46477545?
False
Is 173556738 a multiple of 117?
False
Does 9141 divide 1504910253?
True
Is 5 a factor of 95235325?
True
Does 893 divide 37596674?
False
Does 5095 divide 664454235?
True
Is